
3, 5, 211, 643
What are the prime factors of 999753?
3, 17, 19603
List the prime factors of 13465139.
17, 792067
List the prime factors of 1843897.
11, 167627
List the prime factors of 1397100.
2, 3, 5, 4657
What are the prime factors of 1752114?
2, 3, 7, 13, 3209
List the prime factors of 101231.
13, 599
What are the prime factors of 1745082?
2, 3, 67, 1447
List the prime factors of 327116.
2, 53, 1543
What are the prime factors of 247956?
2, 3, 20663
List the prime factors of 27955156.
2, 19, 367831
List the prime factors of 229955.
5, 11, 37, 113
List the prime factors of 735901.
735901
What are the prime factors of 1778536?
2, 222317
What are the prime factors of 340794?
2, 3, 6311
What are the prime factors of 12498633?
3, 7, 198391
List the prime factors of 1600176.
2, 3, 17, 37, 53
List the prime factors of 290869.
290869
What are the prime factors of 3594291?
3, 37, 32381
What are the prime factors of 8335813?
19, 191, 2297
List the prime factors of 239221.
29, 73, 113
What are the prime factors of 1106819?
7, 17, 71, 131
What are the prime factors of 227153?
227153
List the prime factors of 37255990.
2, 5, 601, 6199
List the prime factors of 144895.
5, 28979
List the prime factors of 1307091.
3, 239, 1823
What are the prime factors of 1416914?
2, 708457
List the prime factors of 16436.
2, 7, 587
What are the prime factors of 20886?
2, 3, 59
What are the prime factors of 19963335?
3, 5, 7, 157, 173
List the prime factors of 9827107.
163, 60289
What are the prime factors of 2248392?
2, 3, 93683
List the prime factors of 208363.
101, 2063
List the prime factors of 1181973.
3, 13, 30307
What are the prime factors of 3918991?
1741, 2251
List the prime factors of 722227.
11, 65657
What are the prime factors of 152208?
2, 3, 7, 151
What are the prime factors of 2682288?
2, 3, 7, 887
List the prime factors of 243666.
2, 3, 13537
What are the prime factors of 478214?
2, 11, 21737
List the prime factors of 525892.
2, 73, 1801
What are the prime factors of 174440?
2, 5, 7, 89
What are the prime factors of 155136?
2, 3, 101
What are the prime factors of 676130?
2, 5, 7, 13, 743
What are the prime factors of 21244?
2, 47, 113
List the prime factors of 226893.
3, 53, 1427
What are the prime factors of 1060301?
11, 41, 2351
List the prime factors of 1698491.
53, 73, 439
What are the prime factors of 807441?
3, 181, 1487
What are the prime factors of 1018009?
31, 32839
List the prime factors of 6457390.
2, 5, 645739
List the prime factors of 27279263.
11, 859, 2887
What are the prime factors of 1134583?
1134583
List the prime factors of 144709.
144709
List the prime factors of 1033331.
13, 101, 787
What are the prime factors of 29597490?
2, 3, 5, 13, 41, 617
List the prime factors of 101858.
2, 50929
What are the prime factors of 9003423?
3, 11, 13, 31, 677
List the prime factors of 2476978.
2, 7, 176927
List the prime factors of 14268469.
3517, 4057
What are the prime factors of 149856?
2, 3, 7, 223
What are the prime factors of 1230647?
11, 17, 6581
List the prime factors of 650961.
3, 151, 479
What are the prime factors of 518943?
3, 172981
List the prime factors of 1522746.
2, 3, 163, 173
List the prime factors of 425059.
425059
List the prime factors of 1572481.
797, 1973
What are the prime factors of 18836725?
5, 269, 2801
What are the prime factors of 11408757?
3, 3802919
List the prime factors of 128057.
37, 3461
What are the prime factors of 211817?
211817
List the prime factors of 14308.
2, 7, 73
List the prime factors of 240594.
2, 3, 40099
What are the prime factors of 830544?
2, 3, 11, 13
List the prime factors of 3249535.
5, 649907
List the prime factors of 21915151.
19, 1153429
List the prime factors of 269090.
2, 5, 71, 379
What are the prime factors of 90983?
37, 2459
What are the prime factors of 178024?
2, 7, 11, 17
What are the prime factors of 16305300?
2, 3, 5, 11, 61
List the prime factors of 1578490.
2, 5, 23, 6863
What are the prime factors of 622171?
11, 163, 347
What are the prime factors of 1265648?
2, 79103
What are the prime factors of 9479398?
2, 4739699
List the prime factors of 396804.
2, 3, 43, 769
What are the prime factors of 9266754?
2, 3, 7, 61, 3617
List the prime factors of 99098.
2, 49549
List the prime factors of 603317.
11, 13, 4219
What are the prime factors of 79386?
2, 3, 101, 131
What are the prime factors of 8700198?
2, 3, 13, 71, 1571
What are the prime factors of 171418?
2, 13, 19, 347
What are the prime factors of 547882?
2, 273941
What are the prime factors of 1949818?
2, 13, 19, 3947
List the prime factors of 1625509.
59, 27551
What are the prime factors of 1707498?
2, 3, 13, 7297
What are the prime factors of 29961395?
5, 17, 67, 5261
List the prime factors of 104168.
2, 29, 449
What are the prime factors of 1551000?
2, 3, 5, 11, 47
What are the prime factors of 947438?
2, 473719
What are the prime factors of 324697?
324697
What are the prime factors of 863894?
2, 431947
List the prime factors of 2313412.
2, 578353
List the prime factors of 557133.
3, 185711
List the prime factors of 7846848.
2, 3, 19, 239
List the prime factors of 1192354.
2, 193, 3089
What are the prime factors of 85170?
2, 3, 5, 17, 167
List the prime factors of 963458.
2, 17, 43, 659
List the prime factors of 1493564.
2, 67, 5573
What are the prime factors of 1251018?
2, 3, 23167
What are the prime factors of 2818075?
5, 13, 23, 29
What are the prime factors of 11338275?
3, 5, 13, 29, 401
List the prime factors of 181603.
181603
What are the prime factors of 2136804?
2, 3, 178067
List the prime factors of 1044862.
2, 7, 13, 5741
What are the prime factors of 580910?
2, 5, 11, 5281
What are the prime factors of 20807023?
709, 29347
What are the prime factors of 493553?
73, 6761
What are the prime factors of 650664?
2, 3, 7, 1291
What are the prime factors of 11676125?
5, 29, 3221
List the prime factors of 5289622.
2, 13, 389, 523
List the prime factors of 1690349.
1690349
What are the prime factors of 11013600?
2, 3, 5, 13, 353
What are the prime factors of 308020?
2, 5, 15401
List the prime factors of 1739828.
2, 434957
List the prime factors of 3463566.
2, 3, 227, 2543
List the prime factors of 5683037.
5683037
What are the prime factors of 6615096?
2, 3, 101, 2729
List the prime factors of 18456761.
43, 429227
What are the prime factors of 603094?
2, 151, 1997
What are the prime factors of 1085599?
53, 20483
What are the prime factors of 432154?
2, 173, 1249
List the prime factors of 590080.
2, 5, 461
What are the prime factors of 34110?
2, 3, 5, 379
List the prime factors of 1134401.
223, 5087
What are the prime factors of 1148390?
2, 5, 23, 4993
What are the prime factors of 3402020?
2, 5, 170101
List the prime factors of 679759.
131, 5189
What are the prime factors of 10517953?
37, 284269
List the prime factors of 193731.
3, 64577
List the prime factors of 2894065.
5, 53, 67, 163
What are the prime factors of 2389664?
2, 53, 1409
What are the prime factors of 928508?
2, 7, 33161
What are the prime factors of 1043290?
2, 5, 17, 19
List the prime factors of 6247628.
2, 23, 59, 1151
What are the prime factors of 1471370?
2, 5, 147137
List the prime factors of 127254.
2, 3, 127, 167
List the prime factors of 10500767.
10500767
List the prime factors of 10400190.
2, 3, 5, 31, 53, 211
List the prime factors of 464364.
2, 3, 12899
What are the prime factors of 179160?
2, 3, 5, 1493
List the prime factors of 5209236.
2, 3, 144701
What are the prime factors of 10490473?
7, 337, 4447
What are the prime factors of 18183991?
7, 2597713
What are the prime factors of 3216823?
457, 7039
List the prime factors of 1134689.
181, 6269
What are the prime factors of 25919302?
2, 12959651
List the prime factors of 433042.
2, 41, 5281
What are the prime factors of 388768?
2, 12149
What are the prime factors of 384943?
13, 29611
What are the prime factors of 5233042?
2, 17, 153913
List the prime factors of 32236695.
3, 5, 569, 1259
List the prime factors of 10394236.
2, 151, 17209
What are the prime factors of 27069505?
5, 23, 401, 587
What are the prime factors of 23697276?
2, 3, 139, 14207
What are the prime factors of 1690702?
2, 13, 65027
List the prime factors of 5944322.
2, 17, 359, 487
What are the prime factors of 4127777?
113, 365